 {"id":1213,"date":"2025-11-22T19:45:39","date_gmt":"2025-11-22T19:45:39","guid":{"rendered":"https:\/\/visa-travelers.com\/eta-es\/?page_id=1213"},"modified":"2025-11-22T19:46:58","modified_gmt":"2025-11-22T19:46:58","slug":"politica-de-privacidad","status":"publish","type":"page","link":"https:\/\/visa-travelers.com\/eta-es\/politica-de-privacidad\/","title":{"rendered":"Pol\u00edtica de Privacidad"},"content":{"rendered":"\t\t<div data-elementor-type=\"wp-page\" data-elementor-id=\"1213\" class=\"elementor elementor-1213\" data-elementor-settings=\"{&quot;element_pack_global_tooltip_width&quot;:{&quot;unit&quot;:&quot;px&quot;,&quot;size&quot;:&quot;&quot;,&quot;sizes&quot;:[]},&quot;element_pack_global_tooltip_width_tablet&quot;:{&quot;unit&quot;:&quot;px&quot;,&quot;size&quot;:&quot;&quot;,&quot;sizes&quot;:[]},&quot;element_pack_global_tooltip_width_mobile&quot;:{&quot;unit&quot;:&quot;px&quot;,&quot;size&quot;:&quot;&quot;,&quot;sizes&quot;:[]},&quot;element_pack_global_tooltip_padding&quot;:{&quot;unit&quot;:&quot;px&quot;,&quot;top&quot;:&quot;&quot;,&quot;right&quot;:&quot;&quot;,&quot;bottom&quot;:&quot;&quot;,&quot;left&quot;:&quot;&quot;,&quot;isLinked&quot;:true},&quot;element_pack_global_tooltip_padding_tablet&quot;:{&quot;unit&quot;:&quot;px&quot;,&quot;top&quot;:&quot;&quot;,&quot;right&quot;:&quot;&quot;,&quot;bottom&quot;:&quot;&quot;,&quot;left&quot;:&quot;&quot;,&quot;isLinked&quot;:true},&quot;element_pack_global_tooltip_padding_mobile&quot;:{&quot;unit&quot;:&quot;px&quot;,&quot;top&quot;:&quot;&quot;,&quot;right&quot;:&quot;&quot;,&quot;bottom&quot;:&quot;&quot;,&quot;left&quot;:&quot;&quot;,&quot;isLinked&quot;:true},&quot;element_pack_global_tooltip_border_radius&quot;:{&quot;unit&quot;:&quot;px&quot;,&quot;top&quot;:&quot;&quot;,&quot;right&quot;:&quot;&quot;,&quot;bottom&quot;:&quot;&quot;,&quot;left&quot;:&quot;&quot;,&quot;isLinked&quot;:true},&quot;element_pack_global_tooltip_border_radius_tablet&quot;:{&quot;unit&quot;:&quot;px&quot;,&quot;top&quot;:&quot;&quot;,&quot;right&quot;:&quot;&quot;,&quot;bottom&quot;:&quot;&quot;,&quot;left&quot;:&quot;&quot;,&quot;isLinked&quot;:true},&quot;element_pack_global_tooltip_border_radius_mobile&quot;:{&quot;unit&quot;:&quot;px&quot;,&quot;top&quot;:&quot;&quot;,&quot;right&quot;:&quot;&quot;,&quot;bottom&quot;:&quot;&quot;,&quot;left&quot;:&quot;&quot;,&quot;isLinked&quot;:true}}\" data-elementor-post-type=\"page\">\n\t\t\t\t<div class=\"elementor-element elementor-element-ed8e308 e-flex e-con-boxed e-con e-parent\" data-id=\"ed8e308\" data-element_type=\"container\" data-e-type=\"container\">\n\t\t\t\t\t<div class=\"e-con-inner\">\n\t\t\t\t<div class=\"elementor-element elementor-element-c161a9a elementor-widget elementor-widget-heading\" data-id=\"c161a9a\" data-element_type=\"widget\" data-e-type=\"widget\" data-widget_type=\"heading.default\">\n\t\t\t\t<div class=\"elementor-widget-container\">\n\t\t\t\t\t<h2 class=\"elementor-heading-title elementor-size-default\">Pol\u00edtica de Privacidad<\/h2>\t\t\t\t<\/div>\n\t\t\t\t<\/div>\n\t\t\t\t<div class=\"elementor-element elementor-element-205ade1 elementor-widget elementor-widget-text-editor\" data-id=\"205ade1\" data-element_type=\"widget\" data-e-type=\"widget\" data-widget_type=\"text-editor.default\">\n\t\t\t\t<div class=\"elementor-widget-container\">\n\t\t\t\t\t\t\t\t\t<p class=\"p3\">De acuerdo a lo dispuesto en la Ley 34\/2002, de Servicios de la Sociedad de la Informaci\u00f3n y del Comercio Electr\u00f3nico, y de conformidad con el Reglamento (UE) 2016\/679 del Parlamento Europeo y del Consejo, de 27 de abril de 2016, relativo a la protecci\u00f3n de las personas f\u00edsicas en lo que respecta al tratamiento de datos personales y a la libre circulaci\u00f3n de estos datos y por el que se deroga la Directiva 95\/46\/CE (Reglamento general de protecci\u00f3n de datos), le informamos que la titularidad del dominio de nuestro sitio web www.visa-travelers.com. es propiedad de PROACTIVA DOS AGUAS SL), con domicilio social en la calle Parque Bujaruelo, 25 \u2013 LOC 3, 28924 Alcorc\u00f3n y con CIF: B84851088.<\/p><p class=\"p1\">Datos de contacto de la empresa como responsable del Tratamiento:<\/p><p class=\"p1\">PROACTIVA DOS AGUAS SL<\/p><p class=\"p1\">CIF: B84851088.<\/p><p class=\"p1\">Direcci\u00f3n: calle Parque Bujaruelo, 25 \u2013 LOC 3, 28924 Alcorc\u00f3n<\/p><p class=\"p1\">Telf: +34 91 785 17 07<\/p><p class=\"p4\"><span class=\"s1\">Mail: <a href=\"mailto:info@visa-travelers.com\"><span class=\"s2\">info@visa-travelers.com<\/span><\/a>.<\/span><\/p><p class=\"p3\">La visita a nuestra Web no implica que el usuario est\u00e9 obligado a facilitar ninguna informaci\u00f3n. En el caso de que el usuario facilite alguna informaci\u00f3n de car\u00e1cter personal, los datos recogidos en este sitio web ser\u00e1n tratados de forma leal y l\u00edcita con sujeci\u00f3n en todo momento en cumplimiento de lo dispuesto en el Reglamento (UE) 2016\/679 del Parlamento Europeo y del Consejo de 27 de abril de 2016 y La Ley 34\/2002, de 11 de julio, de Servicios de la Sociedad de la informaci\u00f3n y de comercio electr\u00f3nico y dem\u00e1s normativa de desarrollo.<\/p><p class=\"p3\">PROACTIVA DOS AGUAS SL, garantiza la protecci\u00f3n de todos los datos de car\u00e1cter personal que el Usuario proporcione en el Sitio Web y, en cumplimiento de lo dispuesto en el Reglamento (UE) 2016\/679 del Parlamento Europeo y del Consejo de 27 de abril de 2016 y restante normativa de aplicaci\u00f3n, le informa que:<\/p><p class=\"p3\">Todos los datos de car\u00e1cter personal facilitados a PROACTIVA DOS AGUAS SL actuando como responsable de Tratamiento, quedaran mantenidos bajo su responsabilidad. La principal finalidad de dicho tratamiento la tramitaci\u00f3n y concesi\u00f3n del visado solicitado.<\/p><p class=\"p3\">PROACTIVA DOS AGUAS SL, asegura la confidencialidad de los datos aportados y garantiza que, en ning\u00fan caso, ser\u00e1n cedidos para ning\u00fan otro uso sin mediar consentimiento previo y expreso de nuestros usuarios. S\u00f3lo le pediremos aquellos datos necesarios para la prestaci\u00f3n del servicio requerido y \u00fanicamente ser\u00e1n empleados para este fin.<\/p><p class=\"p3\">Los Usuarios, garantizan que los datos aportados son verdaderos, exactos, completos y actualizados, y ser\u00e1n los \u00fanicos responsables de cualquier da\u00f1o o perjuicio, directo o indirecto, que pudiera ocasionarse como consecuencia del incumplimiento de tal obligaci\u00f3n. En el caso de que los datos aportados por un Usuario pertenecieran a un tercero distinto de quien facilita los datos, el Usuario deber\u00e1 informar al tercero de los aspectos contenidos en esta Pol\u00edtica y obtener su autorizaci\u00f3n para facilitar sus datos a PROACTIVA DOS AGUAS SL.<\/p><p class=\"p3\">El CLIENTE debe comunicar a PROACTIVA DOS AGUAS SL cualquier modificaci\u00f3n en los datos de car\u00e1cter personal para la correcta gesti\u00f3n y calidad del servicio y de los datos tratados, en especial los referentes a los datos de contacto, como el domicilio, nombre, email, tel\u00e9fono, etc.<\/p><p class=\"p3\">En el supuesto de que la solicitud o el servicio fuera suscrito por una entidad jur\u00eddica, el consentimiento otorgado por los apoderados o autorizados a los efectos del art\u00edculo 21 de la Ley 34\/2002, se entender\u00e1 dado tanto en su propio nombre como en el de la entidad jur\u00eddica a la que representan.<\/p><p class=\"p1\"><b>Consentimiento<\/b><\/p><p class=\"p3\">Los datos personales recabados a trav\u00e9s de un formulario son necesarios para atender su solicitud, y por tanto es obligatorio proporcionarlos, ya que, si no se suministraran estos datos considerados necesarios, PROACTIVA DOS AGUAS SL no podr\u00e1 gestionar su solicitud o servicio.<\/p><p class=\"p3\">Mediante la aceptaci\u00f3n de las condiciones y su descarga, entendemos que el usuario presta su consentimiento para que se traten los datos conforme las finalidades previstas en cada uno de los formularios. PROACTIVA DOS AGUAS SL no comunicar\u00e1 los datos a terceros salvo en los supuestos legalmente establecidos o autorizados por el interesado. PROACTIVA DOS AGUAS SL comunica a los titulares de los datos su intenci\u00f3n de enviarles comunicaciones comerciales por correo electr\u00f3nico o por cualquier otro medio de comunicaci\u00f3n electr\u00f3nica equivalente. Asimismo, los titulares manifiestan conocer esta intenci\u00f3n y prestan su consentimiento expreso para la recepci\u00f3n de las mencionadas comunicaciones. El consentimiento aqu\u00ed prestado por el Titular para comunicaci\u00f3n de datos a terceros tiene car\u00e1cter revocable en todo momento, sin efectos retroactivos.<\/p><p class=\"p1\"><b>LEGITIMACION DEL TRATAMIENTO.<\/b><\/p><p class=\"p3\">La base legal para el tratamiento de los datos facilitados es la ejecuci\u00f3n del servicio o solicitud realizada por el Usuario. El env\u00edo de publicidad, incluido por email sobre productos y servicios, est\u00e1 basado en el consentimiento prestado por el Usuario al solicitar los servicios.<\/p><p class=\"p1\"><b>TIEMPO DE CONSERVACION DE LA INFORMACION.<\/b><\/p><p class=\"p3\">Los datos personales proporcionados por el usuario para la prestaci\u00f3n de un servicio se mantendr\u00e1n mientras dure la relaci\u00f3n comercial o durante los a\u00f1os necesarios para cumplir con las obligaciones legales.<\/p><p class=\"p3\">Los datos facilitados por el usuario en formularios o peticiones de servicios se mantendr\u00e1n por un periodo de dos a\u00f1os desde y a partir de la \u00faltima confirmaci\u00f3n de inter\u00e9s realizada por el Usuario.<\/p><p class=\"p1\">Por favor lea con que finalidades recabamos sus datos:<\/p><ul class=\"ul1\"><li class=\"li1\">Gesti\u00f3n, estudio y resoluci\u00f3n de su visa.<\/li><li class=\"li1\">Env\u00edo de informaci\u00f3n sobre el estado de los servicios contratados.<\/li><li class=\"li3\">Env\u00edo de publicidad, newsletter y prospecci\u00f3n comercial por medios electr\u00f3nicos, acerca de VISA-TRAVELERS, sus actividades, productos y servicios, as\u00ed como documentaci\u00f3n de diversa naturaleza relacionada con los servicios relacionados con VISA-TRAVELERS.<\/li><li class=\"li1\">Env\u00edo de informaci\u00f3n sobre la caducidad de los servicios contratados o tr\u00e1mites administrativos a renovar.<\/li><\/ul><p class=\"p3\">En la recogida y el tratamiento de los datos de car\u00e1cter personal se han adoptado las medidas de seguridad adecuadas para evitar la p\u00e9rdida, el acceso no autorizado o la manipulaci\u00f3n de los mismos, de acuerdo con lo establecido en el Reglamento (UE) 2016\/679 del Parlamento Europeo y del Consejo, de 27 de abril de 2016.<\/p><p class=\"p1\">PROACTIVA DOS AGUAS SL se compromete a proteger la informaci\u00f3n confidencial a la que tenga acceso.<\/p><p class=\"p3\">PROACTIVA DOS AGUAS SL no emplear\u00e1 en ning\u00fan caso los datos de car\u00e1cter personal que el Usuario ponga a su disposici\u00f3n para prestar servicios distintos a los referidos o, en su caso, para lograr una utilidad propia o distinta a la autorizada por el titular de dichos datos.<\/p><p class=\"p3\">El Usuario certifica que es mayor de 18 a\u00f1os y que por lo tanto posee la capacidad legal necesaria para la prestaci\u00f3n del consentimiento en cuanto al tratamiento de sus datos de car\u00e1cter personal y todo ello, de conformidad con lo establecido en la presente Pol\u00edtica de Privacidad.<\/p><p class=\"p1\"><b>MAXIMO COMPROMISO Y RESPETO CON SUS DATOS:<\/b><\/p><p class=\"p3\"><span class=\"s3\">El Usuario puede, en todo momento, ejercitar los derechos de acceso, rectificaci\u00f3n, limitaci\u00f3n de tratamiento, portabilidad, cancelaci\u00f3n, portabilidad, oposici\u00f3n o revocaci\u00f3n del consentimiento anteriormente otorgado<\/span> sobre el tratamiento de sus datos personales, enviando a PROACTIVA DOS AGUAS SL carta debidamente firmada a nuestra direcci\u00f3n postal, antes indicada, donde consten claramente sus datos de contacto, a la cual deber\u00e1 acompa\u00f1arse fotocopia de su DNI\/NIF o documento que acredite su identidad o en la direcci\u00f3n de correo electr\u00f3nico: info@visa-travelers.com as\u00ed como a trav\u00e9s de nuestro DPD en la direcci\u00f3n de correo:<\/p><p class=\"p3\">As\u00ed mismo le informamos que tiene derecho a presentar una reclamaci\u00f3n ante la autoridad de control Agencia Espa\u00f1ola de Protecci\u00f3n de Datos<\/p><p class=\"p3\">El Usuario autoriza al tratamiento de los datos personales suministrados, en los t\u00e9rminos indicados anteriormente. Para ello pulse el bot\u00f3n \u00abEnviar formulario\u00bb que se encuentra tras el formulario de recogida de datos.<\/p>\t\t\t\t\t\t\t\t<\/div>\n\t\t\t\t<\/div>\n\t\t\t\t\t<\/div>\n\t\t\t\t<\/div>\n\t\t\t\t<\/div>\n\t\t","protected":false},"excerpt":{"rendered":"<p>Pol\u00edtica de Privacidad De acuerdo a lo dispuesto en la Ley 34\/2002, de Servicios de la Sociedad de la Informaci\u00f3n [&hellip;]<\/p>\n","protected":false},"author":1,"featured_media":0,"parent":0,"menu_order":0,"comment_status":"closed","ping_status":"closed","template":"","meta":{"site-sidebar-layout":"no-sidebar","site-content-layout":"","ast-site-content-layout":"full-width-container","site-content-style":"default","site-sidebar-style":"default","ast-global-header-display":"","ast-banner-title-visibility":"","ast-main-header-display":"","ast-hfb-above-header-display":"","ast-hfb-below-header-display":"","ast-hfb-mobile-header-display":"","site-post-title":"disabled","ast-breadcrumbs-content":"","ast-featured-img":"disabled","footer-sml-layout":"","theme-transparent-header-meta":"","adv-header-id-meta":"","stick-header-meta":"","header-above-stick-meta":"","header-main-stick-meta":"","header-below-stick-meta":"","astra-migrate-meta-layouts":"default","ast-page-background-enabled":"default","ast-page-background-meta":{"desktop":{"background-color":"var(--ast-global-color-5)","background-image":"","background-repeat":"repeat","background-position":"center center","background-size":"auto","background-attachment":"scroll","background-type":"","background-media":"","overlay-type":"","overlay-color":"","overlay-opacity":"","overlay-gradient":""},"tablet":{"background-color":"","background-image":"","background-repeat":"repeat","background-position":"center center","background-size":"auto","background-attachment":"scroll","background-type":"","background-media":"","overlay-type":"","overlay-color":"","overlay-opacity":"","overlay-gradient":""},"mobile":{"background-color":"","background-image":"","background-repeat":"repeat","background-position":"center center","background-size":"auto","background-attachment":"scroll","background-type":"","background-media":"","overlay-type":"","overlay-color":"","overlay-opacity":"","overlay-gradient":""}},"ast-content-background-meta":{"desktop":{"background-color":"var(--ast-global-color-4)","background-image":"","background-repeat":"repeat","background-position":"center center","background-size":"auto","background-attachment":"scroll","background-type":"","background-media":"","overlay-type":"","overlay-color":"","overlay-opacity":"","overlay-gradient":""},"tablet":{"background-color":"var(--ast-global-color-4)","background-image":"","background-repeat":"repeat","background-position":"center center","background-size":"auto","background-attachment":"scroll","background-type":"","background-media":"","overlay-type":"","overlay-color":"","overlay-opacity":"","overlay-gradient":""},"mobile":{"background-color":"var(--ast-global-color-4)","background-image":"","background-repeat":"repeat","background-position":"center center","background-size":"auto","background-attachment":"scroll","background-type":"","background-media":"","overlay-type":"","overlay-color":"","overlay-opacity":"","overlay-gradient":""}},"footnotes":""},"class_list":["post-1213","page","type-page","status-publish","hentry"],"yoast_head":"<!-- This site is optimized with the Yoast SEO plugin v26.9 - https:\/\/yoast.com\/product\/yoast-seo-wordpress\/ -->\n<title>Pol\u00edtica de Privacidad - ETA Travels<\/title>\n<meta name=\"robots\" content=\"index, follow, max-snippet:-1, max-image-preview:large, max-video-preview:-1\" \/>\n<link rel=\"canonical\" href=\"https:\/\/visa-travelers.com\/eta-es\/politica-de-privacidad\/\" \/>\n<meta property=\"og:locale\" content=\"es_ES\" \/>\n<meta property=\"og:type\" content=\"article\" \/>\n<meta property=\"og:title\" content=\"Pol\u00edtica de Privacidad - ETA Travels\" \/>\n<meta property=\"og:description\" content=\"Pol\u00edtica de Privacidad De acuerdo a lo dispuesto en la Ley 34\/2002, de Servicios de la Sociedad de la Informaci\u00f3n [&hellip;]\" \/>\n<meta property=\"og:url\" content=\"https:\/\/visa-travelers.com\/eta-es\/politica-de-privacidad\/\" \/>\n<meta property=\"og:site_name\" content=\"ETA Travels\" \/>\n<meta property=\"article:modified_time\" content=\"2025-11-22T19:46:58+00:00\" \/>\n<meta name=\"twitter:card\" content=\"summary_large_image\" \/>\n<meta name=\"twitter:label1\" content=\"Tiempo de lectura\" \/>\n\t<meta name=\"twitter:data1\" content=\"7 minutos\" \/>\n<script type=\"application\/ld+json\" class=\"yoast-schema-graph\">{\"@context\":\"https:\/\/schema.org\",\"@graph\":[{\"@type\":\"WebPage\",\"@id\":\"https:\/\/visa-travelers.com\/eta-es\/politica-de-privacidad\/\",\"url\":\"https:\/\/visa-travelers.com\/eta-es\/politica-de-privacidad\/\",\"name\":\"Pol\u00edtica de Privacidad - ETA Travels\",\"isPartOf\":{\"@id\":\"https:\/\/visa-travelers.com\/eta-es\/#website\"},\"datePublished\":\"2025-11-22T19:45:39+00:00\",\"dateModified\":\"2025-11-22T19:46:58+00:00\",\"breadcrumb\":{\"@id\":\"https:\/\/visa-travelers.com\/eta-es\/politica-de-privacidad\/#breadcrumb\"},\"inLanguage\":\"es\",\"potentialAction\":[{\"@type\":\"ReadAction\",\"target\":[\"https:\/\/visa-travelers.com\/eta-es\/politica-de-privacidad\/\"]}]},{\"@type\":\"BreadcrumbList\",\"@id\":\"https:\/\/visa-travelers.com\/eta-es\/politica-de-privacidad\/#breadcrumb\",\"itemListElement\":[{\"@type\":\"ListItem\",\"position\":1,\"name\":\"Portada\",\"item\":\"https:\/\/visa-travelers.com\/eta-es\/\"},{\"@type\":\"ListItem\",\"position\":2,\"name\":\"Pol\u00edtica de Privacidad\"}]},{\"@type\":\"WebSite\",\"@id\":\"https:\/\/visa-travelers.com\/eta-es\/#website\",\"url\":\"https:\/\/visa-travelers.com\/eta-es\/\",\"name\":\"ETA Travels\",\"description\":\"\",\"publisher\":{\"@id\":\"https:\/\/visa-travelers.com\/eta-es\/#organization\"},\"potentialAction\":[{\"@type\":\"SearchAction\",\"target\":{\"@type\":\"EntryPoint\",\"urlTemplate\":\"https:\/\/visa-travelers.com\/eta-es\/?s={search_term_string}\"},\"query-input\":{\"@type\":\"PropertyValueSpecification\",\"valueRequired\":true,\"valueName\":\"search_term_string\"}}],\"inLanguage\":\"es\"},{\"@type\":\"Organization\",\"@id\":\"https:\/\/visa-travelers.com\/eta-es\/#organization\",\"name\":\"ETA Travels\",\"url\":\"https:\/\/visa-travelers.com\/eta-es\/\",\"logo\":{\"@type\":\"ImageObject\",\"inLanguage\":\"es\",\"@id\":\"https:\/\/visa-travelers.com\/eta-es\/#\/schema\/logo\/image\/\",\"url\":\"https:\/\/visa-travelers.com\/eta-es\/wp-content\/uploads\/2025\/04\/logo.png\",\"contentUrl\":\"https:\/\/visa-travelers.com\/eta-es\/wp-content\/uploads\/2025\/04\/logo.png\",\"width\":156,\"height\":40,\"caption\":\"ETA Travels\"},\"image\":{\"@id\":\"https:\/\/visa-travelers.com\/eta-es\/#\/schema\/logo\/image\/\"}}]}<\/script>\n<!-- \/ Yoast SEO plugin. -->","yoast_head_json":{"title":"Pol\u00edtica de Privacidad - ETA Travels","robots":{"index":"index","follow":"follow","max-snippet":"max-snippet:-1","max-image-preview":"max-image-preview:large","max-video-preview":"max-video-preview:-1"},"canonical":"https:\/\/visa-travelers.com\/eta-es\/politica-de-privacidad\/","og_locale":"es_ES","og_type":"article","og_title":"Pol\u00edtica de Privacidad - ETA Travels","og_description":"Pol\u00edtica de Privacidad De acuerdo a lo dispuesto en la Ley 34\/2002, de Servicios de la Sociedad de la Informaci\u00f3n [&hellip;]","og_url":"https:\/\/visa-travelers.com\/eta-es\/politica-de-privacidad\/","og_site_name":"ETA Travels","article_modified_time":"2025-11-22T19:46:58+00:00","twitter_card":"summary_large_image","twitter_misc":{"Tiempo de lectura":"7 minutos"},"schema":{"@context":"https:\/\/schema.org","@graph":[{"@type":"WebPage","@id":"https:\/\/visa-travelers.com\/eta-es\/politica-de-privacidad\/","url":"https:\/\/visa-travelers.com\/eta-es\/politica-de-privacidad\/","name":"Pol\u00edtica de Privacidad - ETA Travels","isPartOf":{"@id":"https:\/\/visa-travelers.com\/eta-es\/#website"},"datePublished":"2025-11-22T19:45:39+00:00","dateModified":"2025-11-22T19:46:58+00:00","breadcrumb":{"@id":"https:\/\/visa-travelers.com\/eta-es\/politica-de-privacidad\/#breadcrumb"},"inLanguage":"es","potentialAction":[{"@type":"ReadAction","target":["https:\/\/visa-travelers.com\/eta-es\/politica-de-privacidad\/"]}]},{"@type":"BreadcrumbList","@id":"https:\/\/visa-travelers.com\/eta-es\/politica-de-privacidad\/#breadcrumb","itemListElement":[{"@type":"ListItem","position":1,"name":"Portada","item":"https:\/\/visa-travelers.com\/eta-es\/"},{"@type":"ListItem","position":2,"name":"Pol\u00edtica de Privacidad"}]},{"@type":"WebSite","@id":"https:\/\/visa-travelers.com\/eta-es\/#website","url":"https:\/\/visa-travelers.com\/eta-es\/","name":"ETA Travels","description":"","publisher":{"@id":"https:\/\/visa-travelers.com\/eta-es\/#organization"},"potentialAction":[{"@type":"SearchAction","target":{"@type":"EntryPoint","urlTemplate":"https:\/\/visa-travelers.com\/eta-es\/?s={search_term_string}"},"query-input":{"@type":"PropertyValueSpecification","valueRequired":true,"valueName":"search_term_string"}}],"inLanguage":"es"},{"@type":"Organization","@id":"https:\/\/visa-travelers.com\/eta-es\/#organization","name":"ETA Travels","url":"https:\/\/visa-travelers.com\/eta-es\/","logo":{"@type":"ImageObject","inLanguage":"es","@id":"https:\/\/visa-travelers.com\/eta-es\/#\/schema\/logo\/image\/","url":"https:\/\/visa-travelers.com\/eta-es\/wp-content\/uploads\/2025\/04\/logo.png","contentUrl":"https:\/\/visa-travelers.com\/eta-es\/wp-content\/uploads\/2025\/04\/logo.png","width":156,"height":40,"caption":"ETA Travels"},"image":{"@id":"https:\/\/visa-travelers.com\/eta-es\/#\/schema\/logo\/image\/"}}]}},"_links":{"self":[{"href":"https:\/\/visa-travelers.com\/eta-es\/wp-json\/wp\/v2\/pages\/1213","targetHints":{"allow":["GET"]}}],"collection":[{"href":"https:\/\/visa-travelers.com\/eta-es\/wp-json\/wp\/v2\/pages"}],"about":[{"href":"https:\/\/visa-travelers.com\/eta-es\/wp-json\/wp\/v2\/types\/page"}],"author":[{"embeddable":true,"href":"https:\/\/visa-travelers.com\/eta-es\/wp-json\/wp\/v2\/users\/1"}],"replies":[{"embeddable":true,"href":"https:\/\/visa-travelers.com\/eta-es\/wp-json\/wp\/v2\/comments?post=1213"}],"version-history":[{"count":7,"href":"https:\/\/visa-travelers.com\/eta-es\/wp-json\/wp\/v2\/pages\/1213\/revisions"}],"predecessor-version":[{"id":1222,"href":"https:\/\/visa-travelers.com\/eta-es\/wp-json\/wp\/v2\/pages\/1213\/revisions\/1222"}],"wp:attachment":[{"href":"https:\/\/visa-travelers.com\/eta-es\/wp-json\/wp\/v2\/media?parent=1213"}],"curies":[{"name":"wp","href":"https:\/\/api.w.org\/{rel}","templated":true}]}}